
Is 976601 a prime number?
True
Is 5669 a prime number?
True
Is 13571 prime?
False
Is 5794 composite?
True
Is 14761 a prime number?
False
Is 235 a composite number?
True
Is 98837 prime?
True
Is 194449 composite?
True
Is 861298 composite?
True
Is 199103 prime?
True
Is 146279 a prime number?
False
Is 129 prime?
False
Is 98347 composite?
False
Is 743 composite?
False
Is 8663 a composite number?
False
Is 4721 a prime number?
True
Is 123113 a composite number?
False
Is 2999 prime?
True
Is 34987 composite?
True
Is 7411 prime?
True
Is 16271 a composite number?
True
Is 1819453 a prime number?
False
Is 10831 a composite number?
False
Is 8579 a prime number?
False
Is 907 a prime number?
True
Is 28091 composite?
True
Is 66635 composite?
True
Is 953 a composite number?
False
Is 394211 prime?
True
Is 2234 composite?
True
Is 191309 a prime number?
False
Is 118873 a composite number?
False
Is 11957 prime?
False
Is 51031 a composite number?
False
Is 60094 a composite number?
True
Is 4601 prime?
False
Is 351717 prime?
False
Is 13751 composite?
False
Is 76295 a prime number?
False
Is 1502 composite?
True
Is 292381 composite?
False
Is 42323 a prime number?
True
Is 6406 a composite number?
True
Is 40085 a prime number?
False
Is 25427 a composite number?
True
Is 392699 prime?
True
Is 8891 composite?
True
Is 6953 a composite number?
True
Is 689 a composite number?
True
Is 1631407 prime?
True
Is 80365 a composite number?
True
Is 5847 prime?
False
Is 421495 prime?
False
Is 1157 a composite number?
True
Is 25663 a composite number?
True
Is 191579 a prime number?
True
Is 18337 prime?
False
Is 612923 prime?
True
Is 154691 a composite number?
False
Is 6803 a prime number?
True
Is 46603 prime?
False
Is 96403 a composite number?
True
Is 2146721 a composite number?
True
Is 347641 a prime number?
False
Is 2878 a prime number?
False
Is 58711 composite?
False
Is 21779 prime?
False
Is 53971 a prime number?
False
Is 289909 a prime number?
False
Is 92987 prime?
True
Is 4411 composite?
True
Is 63939 a prime number?
False
Is 1124639 prime?
True
Is 7121 prime?
True
Is 57637 prime?
True
Is 988811 a composite number?
True
Is 533111 prime?
True
Is 94291 prime?
True
Is 12319 composite?
True
Is 1311443 prime?
False
Is 24509 a composite number?
False
Is 5241 composite?
True
Is 541 a composite number?
False
Is 386671 a composite number?
True
Is 14903 a prime number?
False
Is 4141 a composite number?
True
Is 758237 prime?
True
Is 30017 prime?
False
Is 987703 composite?
True
Is 4679 composite?
False
Is 180773 a prime number?
True
Is 222913 prime?
True
Is 137463 a composite number?
True
Is 79757 prime?
True
Is 132541 a prime number?
True
Is 177109 prime?
True
Is 1492019 a composite number?
False
Is 39757 prime?
False
Is 145897 a prime number?
True
Is 2224063 prime?
True
Is 22535 a prime number?
False
Is 72733 a composite number?
False
Is 1652227 a prime number?
False
Is 28591 a composite number?
False
Is 7963 composite?
False
Is 139811 a composite number?
True
Is 330153 a prime number?
False
Is 9277 a prime number?
True
Is 62039 composite?
False
Is 243227 composite?
False
Is 2939 a composite number?
False
Is 4426 a prime number?
False
Is 11369 a prime number?
True
Is 409645 prime?
False
Is 480509 a prime number?
True
Is 331811 a composite number?
True
Is 1727 composite?
True
Is 6329 prime?
True
Is 3233 a prime number?
False
Is 416471 a prime number?
False
Is 115727 a composite number?
False
Is 18833 a prime number?
False
Is 291487 composite?
True
Is 631447 composite?
True
Is 129697 prime?
False
Is 45281 composite?
False
Is 4049 a prime number?
True
Is 89293 a prime number?
True
Is 166597 prime?
True
Is 81727 a prime number?
True
Is 8705 a composite number?
True
Is 5171 prime?
True
Is 274 a prime number?
False
Is 128563 a prime number?
True
Is 157835 a composite number?
True
Is 223 composite?
False
Is 10261 a composite number?
True
Is 68503 composite?
True
Is 64517 a prime number?
False
Is 152717 a composite number?
False
Is 5077 a prime number?
True
Is 2463871 prime?
True
Is 604517 a composite number?
False
Is 61057 a prime number?
True
Is 13829 a prime number?
True
Is 295891 composite?
True
Is 393331 prime?
True
Is 40057 a composite number?
True
Is 3457 a prime number?
True
Is 787489 composite?
False
Is 4121 composite?
True
Is 1190981 composite?
True
Is 48053 a prime number?
False
Is 1197191 a prime number?
False
Is 34781 a prime number?
True
Is 53393 composite?
True
Is 58301 a prime number?
False
Is 672047 prime?
False
Is 18899 composite?
False
Is 20261 composite?
False
Is 208019 prime?
False
Is 28081 composite?
False
Is 12053 prime?
False
Is 2241869 a composite number?
True
Is 968991 a prime number?
False
Is 26779 a prime number?
False
Is 4663 a composite number?
False
Is 64319 a prime number?
True
Is 18353 prime?
True
Is 244837 a composite number?
False
Is 682901 a composite number?
False
Is 13441 prime?
True
Is 31013 a composite number?
False
Is 58553 a prime number?
False
Is 567031 a prime number?
True
Is 1046389 prime?
True
Is 9382 a prime number?
False
Is 467 composite?
False
Is 3683 composite?
True
Is 85357 a composite number?
True
Is 22367 a composite number?
False
Is 32027 a composite number?
False
Is 4903 composite?
False
Is 8641 composite?
False
Is 53503 a prime number?
True
Is 88681 a prime number?
True
Is 136623 composite?
True
Is 74887 composite?
False
Is 14351 prime?
False
Is 2459 a prime number?
True
Is 22993 a composite number?
False
Is 202915 composite?
True
Is 6539 composite?
True
Is 186629 composite?
False
Is 302485 composite?
True
Is 707747 composite?
False
Is 60209 a composite number?
False
Is 751087 a composite number?
False
Is 1566997 a prime number?
True
Is 11301 composite?
True
Is 120503 prime?
True
Is 57413 a composite number?
False
Is 1937 a composite number?
True
Is 10007 prime?
True
Is 2275759 prime?
False
Is 9647 a prime number?
False
Is 19841 prime?
True
Is 14827 a prime number?
True
Is 19579 prime?
False
Is 433529 prime?
False
Is 2542471 prime?
True
Is 40781 a prime number?
False
Is 39059 a composite number?
True
Is 24965 a composite number?
True
Is 376679 prime?
True
Is 152161 a composite number?
True
Is 30337 prime?
False
Is 11573 prime?
False
Is 1304687 a composite number?
False
Is 59593 a prime number?
False
Is 629 a prime number?
False
Is 8098 composite?
True
Is 20017 composite?
True
Is 563867 prime?
False
Is 5773 a prime number?
False
Is 315717 a composite number?
True
Is 1399 a prime number?
True
Is 6377 composite?
True
Is 45119 prime?
True
Is 142319 a prime number?
True
Is 13963 prime?
True
Is 761753 composite?
True
Is 726119 prime?
False
Is 4399 a composite number?
True
Is 1157 composite?
True
Is 6197 a prime number?
True
Is 646077 composite?
True
Is 27771 composite?
True
Is 3902 a prime number?
False
Is 5309 composite?
False
Is 415391 composite?
False
Is 96353 a composite number?
False
Is 22229 a prime number?
True
Is 10378 a prime number?
False
Is 5891 a composite number?
True
Is 12941 composite?
False
Is 460871 prime?
True
Is 2137118 a prime number?
False
Is 4391 a prime number?
True
Is 14597 prime?
False
Is 7715 a composite number?
True
Is 21361 composite?
True
Is 708979 composite?
False
Is 4289 a composite number?
False
Is 70991 a composite number?
False
Is 114113 a prime number?
True
Is 3833 a composite number?
False
Is 21311 composite?
True
Is 17509 prime?
True
Is 3691 a prime number?
True
Is 3241041 a composite number?
True
Is 871849 prime?
False
Is 253 prime?
False
Is 19069 a composite number?
False
Is 462947 prime?
True
Is 295615 prime?
False
Is 3199 composite?
True
Is 1142777 a composite number?
False
Is 433351 composite?
False
Is 225569 a prime number?
True
Is 80021 composite?
False
Is 110039 prime?
True
Is 22433 a composite number?
False
Is 306179 a composite number?
True
Is 276715 prime?
False
Is 14939 a composite number?
False
Is 98963 a prime number?
True
Is 408451 a prime number?
False
Is 577641 a prime number?
False
Is 13763 prime?
True
Is 332133 composite?
True
Is 16847 composite?
True
Is 1088657 a composite number?
False
Is 22123 a composite number?
False
Is 490007 prime?
False
Is 73769 a prime number?
False
Is 179849 a composite number?
False
Is 43027 a prime number?
False
Is 3847 prime?
True
Is 15243 a prime number?
False
